 remainder when h(j) is divided by y(3).
6
Calculate the remainder when (1965/9)/(95/228) is divided by 113.
72
Let i(r) = -r**3 + 8*r**2 - 10*r. Suppose -4*l + 63 = 43. Suppose 20 - 6 = 3*a - 5*t, -5*a = -3*t - 50. What is the remainder when i(l) is divided by a?
12
Suppose -4*w = -0*w - 60. Let i = -43005 + 43021. Calculate the remainder when i is divided by w.
1
Let l be ((-30)/(-30))/((-30)/(-28) + -1). Let p = l - 14. Suppose -z + 15 + 2 = p. What is the remainder when 33 is divided by z?
16
Suppose 0 = 3*d + 5*d + 456. Let v = d + 154. Let s = 135 - v. What is the remainder when s is divided by 11?
5
Let l(c) = c**2 + 2*c - 1. Let m(r) = 8*r + 11. Let g be m(-2). What is the remainder when 54 is divided by l(g)?
12
Let p = -873 + 2735. Calculate the remainder when p is divided by 371.
7
Suppose 49 = n - 5*b, 2*n - b - 32 = -6. Calculate the remainder when 834 is divided by n.
6
Let z(t) = -3790*t - 26473. Suppose -7 = -2*k - q - 1, q = 5*k - 8. Calculate the remainder when z(-7) is divided by ((-2)/2)/(k/(-40)).
17
Let j = 241 + -197. Suppose -2*t + 3*d - 2*d + 34 = 0, 4*t = -4*d + j. What is the remainder when 68 is divided by t?
8
Suppose -4*a + 8 = 4*r, 10*a - 15*a - 26 = -4*r. What is the remainder when (-2123)/(-165) - 2/(-15) - r is divided by 3?
0
Let i(d) = d**3 - 44*d**2 + 162*d - 3. What is the remainder when 1382 is divided by i(40)?
73
Suppose -3159 = -106*x - 48*x + 37*x. Calculate the remainder when 38 is divided by x.
11
Suppose 327*z + 3*w = 328*z - 409, 4*w - 1175 = -3*z. What is the remainder when z is divided by 8?
5
Let j = -6 - -8. Suppose -3*x + 21 = j*p - 4*x, -3*p = -3*x - 30. Let d(f) = f**3 - 12*f**2 + 13*f - 13. What is the remainder when 24 is divided by d(p)?
6
Calculate the remainder when (974/4)/(-3 - 7 - (-303)/30) is divided by 53.
50
Suppose -4*d = -166 - 126. What is the remainder when d is divided by (-2*4/8 - (-8 - -22))/(-1)?
13
Let v(b) = 11*b + 271. What is the remainder when 498 is divided by v(-21)?
18
Let p = 135 - 251. Let s be (1/(8/p))/((-1)/2). Suppose 5*x - 194 = -s. What is the remainder when 65 is divided by x?
32
Let p be 6894/21 - 16/56. Let l = -312 + p. What is the remainder when (2/6)/(1/237) is divided by l?
15
Suppose 11*n = 78*n + 34667 - 211882. Calculate the remainder when n is divided by 265.
260
Let g be 3 + 12 + (3 - 4). Let p = g + 1. Suppose 90 + p = 3*c. Calculate the remainder when 68 is divided by c.
33
Suppose -99*v - 72186 = -92*v - 60*v. What is the remainder when v is divided by 670?
22
Let r = -2711 - -2725. Calculate the remainder when 78 is divided by r.
8
Suppose -112*d + 72 = -109*d. Let y = 427 - 188. What is the remainder when y is divided by d?
23
Let h = -289 - -289. Suppose 23*c - 16*c - 2737 = h. Calculate the remainder when c is divided by 14.
13
Let s(x) = 2*x**2 + 27*x - 20. Let c be s(-19). Let f = c - 178. Calculate the remainder when 107 is divided by f.
8
Suppose -24 = -11*d - 13. Calculate the remainder when -42*(-49)/21 - (5 - d) is divided by 32.
30
Let o = 20 + 117. Suppose 2*a = -3*a + 4*u - 439, 3*u + 12 = 0. Let r = a + o. Calculate the remainder when r is divided by 24.
22
Suppose 0 = -12*z + 38 - 362. Let b = 129 + -35. Let a = z + b. Calculate the remainder when a is divided by 34.
33
Suppose l + 11 = 15. Let d = 2 - 2. Suppose 4*h + 11 - 103 = d. What is the remainder when h is divided by l?
3
Suppose -11930 - 4781 = -17*b. Calculate the remainder when 995 is divided by b.
12
Suppose t + 2*j + 18 = -2*j, 2*t + 5*j + 33 = 0. Let y = -7 - t. Suppose 2*a - 78 - 18 = v, -2*v = 0. Calculate the remainder when a is divided by y.
6
Let t be 24 - ((-6)/(-3) - 4 - -2). Let n(z) = -z**2 + 25*z + 23. Calculate the remainder when 47 is divided by n(t).
0
Let r(i) = i**2 - 6*i + 10. Let y be r(4). Let p be 1438/14 - (y/(-7))/1. Let a = -63 + p. What is the remainder when a is divided by 7?
5
Suppose 0 = -3*m - 3 + 48. What is the remainder when ((-12000)/(-10))/12 - 8 is divided by m?
2
Let s(p) = -2*p**2 + 294*p + 652. Calculate the remainder when s(0) is divided by 177.
121
Suppose -12 = 3*s, 3*w + 6*s = 3*s. Suppose 4*h - 18 = -4*y + 90, 3*h + w*y - 80 = 0. Calculate the remainder when 46 is divided by h.
18
Let o(y) = 22 + 17*y + 2 + 10 + 2*y**2. Suppose -1 - 57 = -2*r + 2*c, -5*c - 49 = -r. Calculate the remainder when o(-9) is divided by r.
19
Suppose x - 18*b = -15*b + 992, 3031 = 3*x + 2*b. What is the remainder when x is divided by 970?
37
Let h(t) = -t**2 - 33*t - 216. Calculate the remainder when 815 is divided by h(-10).
3
Let p(g) = -3086*g + 27853. Let j(b) = -21*b. Calculate the remainder when p(9) is divided by j(-1).
16
Let c be (2/(-6))/((1/(-24))/1). Suppose p + p = c. What is the remainder when (-1 - -2)/(2/34) is divided by p?
1
Let m(x) = x**3 - x**2. Let q be m(1). Suppose -3*k + 7 + 47 = q. Suppose g - 361 + 308 = 0. What is the remainder when g is divided by k?
17
Let j = 62 - 58. Suppose -w - 233 = -3*i - 2*w, -w - j = 0. Let x = 137 - i. Calculate the remainder when x is divided by 20.
18
Let k(i) = -3*i**2 + 11*i - 5. Let q be k(4). Calculate the remainder when q/(((-4)/(-18))/((-36)/54)) is divided by 34/3 + (-4)/(-6).
3
Let n(p) = -108*p**3 - 15*p**2 - 14*p - 3. Calculate the remainder when n(-3) is divided by 36.
12
Let m(k) = -k**3 - 4*k**2 + 7*k + 21. Let i be m(-3). Calculate the remainder when (-2 - i) + 2 + 28 is divided by 23.
14
Let m(a) = a**2 - 5*a + 7. Suppose 60*y - 66*y - 30 = 0. What is the remainder when 157 is divided by m(y)?
43
Let o = -603 - -615. Let c(n) = n**2 - 3*n + 1. What is the remainder when (8/(-6))/(o/(-198)) is divided by c(4)?
2
Suppose 6*x + 7*x = 0. Suppose -5*q - 5 = x, 0*t - 4*q = 5*t - 301. Let n(z) = -z**2 + 9*z + 9. Calculate the remainder when t is divided by n(9).
7
Let m(d) = -d**3 - 4*d**2 - 3*d - 10. Suppose -3*o - 114 = -x, 0 = 2*x + 4*o - 5*o - 228. Calculate the remainder when x is divided by m(-5).
24
Let z = 483 - 930. Let k = 453 + z. Calculate the remainder when 59 is divided by k.
5
Let l(h) = 6*h - 17. Let k = 40 - -34. Calculate the remainder when k is divided by l(7).
24
Let v(a) be the first derivative of -a**4/4 + 3*a**3 + 3*a**2/2 + 13*a - 59. What is the remainder when v(9) is divided by 8?
0
Let g = -9021 - -9136. What is the remainder when 328 is divided by g?
98
Let d = -13851 - -22753. Calculate the remainder when d is divided by 106.
104
Let c = -1042 - -1314. Calculate the remainder when c is divided by 20.
12
Let n be (-2562)/(-102) + 4/(-34). Suppose 5*y = -n, y - 615 = -0*h - 5*h. Calculate the remainder when h is divided by ((-3)/4)/((-1)/56).
40
Let t = -108 + 94. Let p = t - -42. Suppose 4*a + 32 = 4*w, 2*a - 35 = -4*w + 7*a. What is the remainder when p is divided by w?
3
Let i(c) = 2*c**3 + 12*c**2 - 103*c - 21. Calculate the remainder when i(9) is divided by 693.
96
Suppose -3*j + 445 = 2*j. Let a = -151 - -308. Let y = 202 - a. What is the remainder when j is divided by y?
44
Suppose 3844*y = 3861*y - 2227. What is the remainder when 2749 is divided by y?
129
Let f = 518 + -497. Let d(l) = -l + 81. Calculate the remainder when d(0) is divided by f.
18
Let o = 629 - 410. What is the remainder when o is divided by 103?
13
Suppose 4*g - 44*k = -40*k + 1952, -g + 483 = 4*k. Suppose 1058 = 15*i - g. What is the remainder when i is divided by 27?
22
Let p = -14349 + 15838. Calculate the remainder when p is divided by 27.
4
Let i = 17780 - 9224. What is the remainder when i is divided by 9?
6
What is the remainder when 81 is divided by (-24)/(-18)*((-4)/14 - (-401)/7)?
5
Calculate the remainder when 1671*7/147 - 4/7 is divided by 8/(-12) - ((-124)/6)/1.
19
Suppose q = 5*c + 139, 5 - 160 = -q - 3*c. Calculate the remainder when 2231 is divided by q.
145
Calculate the remainder when (3*-1)/(1/(-26)) is divided by -1*8/((-3 + 14)/(-22)).
14
Let l be (-11)/22*13*36. Let g = -211 - l. What is the remainder when g is divided by 7?
2
Let s(x) = 34*x + 11. Calculate the remainder when 1020 is divided by s(2).
72
Let n = -13 + 18. Suppose -n*v + 151 = -139. Suppose m - 6 = -3*w + 46, 3*w + 4*m - 73 = 0. Calculate the remainder when v is divided by w.
13
Let o = 111 - 41. Suppose 3*n = 15*n - 36. Calculate the remainder when o is divided by (-14)/n*(-2 + (-44)